11*l - 3*l - 9*l + 21*l. Suppose -14*v - 40 = -6*v. Calculate o(v).
4
Let l be 7/(-56)*-38 - 2/(-8). Suppose q - 5 = -3*m + 2, l = 5*m - 5*q. Let v(j) = j + 2. Let r(u) = -2*u - 2. Let n(f) = 5*r(f) + 6*v(f). Calculate n(m).
-6
Let x(u) be the first derivative of 7*u + 3 - 1/6*u**4 - 1/3*u**3 + 2*u**2. Let w(v) be the first derivative of x(v). What is w(-3)?
-8
Let l(g) = -5 - 17*g + 8*g + g**2 + 1. Calculate l(5).
-24
Let t(d) = -d**2 - 3*d + 2. Let w(h) = -4*h**3 - h - 2. Let f be w(2). Let m = f + 32. What is t(m)?
-2
Let b(c) = -c - 5. Suppose 0 = -v + 3 + 2, -2*a + 2*v - 6 = 0. Let i be (a - 0) + (4 - 1). Suppose -i*g = -2*k - 7, 0 = k + 2*g - 3*g + 5. Give b(k).
1
Let x(u) = -7*u - 1. Suppose -5*s + j + 1 + 10 = 0, 2*s = 4*j + 8. Suppose 2*i + s = -0*i. Give x(i).
6
Let i(p) = 2*p**2 + 4*p - 2. Let j(k) = -k**3 - k**2 - k. Let u(d) = -i(d) - j(d). Give u(2).
0
Let s(j) be the second derivative of -j**5/20 + j**4/2 + j**3 - j - 33. What is s(7)?
-7
Let n = -4097 - -4098. Let s = 6 + -4. Let r(y) = -s*y**3 - 2*y**3 - 1 + 0*y**2 + 2*y**2. Calculate r(n).
-3
Let l(v) be the third derivative of v**6/360 + v**5/15 + v**4/24 + 4*v**3 + 11*v**2. Let k(a) be the first derivative of l(a). Calculate k(-6).
-11
Suppose -2*v + 6 = i, 0*i + 14 = 2*v - i. Let n(p) = -2*p + 1. Let s(b) = 8*b - 1. Let t(h) = 3*n(h) + s(h). What is t(v)?
12
Suppose 0 = -4*t + t + 6, 22 = -5*p + t. Let g(a) = 7*a + 2. What is g(p)?
-26
Let o(h) = h**3 + 3*h**2 + 2*h - 2. Let z be o(-3). Let a be ((-2)/z)/((-3)/12). Let b(r) = 3 - 2 + 8*r + 0*r. Give b(a).
-7
Let t = 79/680 + -11/102. Let x(s) be the third derivative of -5/6*s**3 + t*s**6 + 0 - 1/15*s**5 + 4*s**2 + 0*s - 5/24*s**4. What is x(5)?
-5
Let o = 161 + -165. Let p(c) = 2*c**2 + 5*c. What is p(o)?
12
Let q(y) be the second derivative of y**4/12 - 7*y**3/3 + 5*y**2 + 468*y. Determine q(13).
-3
Let g(l) = -l**3 + 5*l**2 + 3*l - 7. Suppose -2*p + 5*b = -8 - 10, 4*p - 14 = -b. Suppose p*h = -6 + 18, -24 = -3*m - 3*h. Calculate g(m).
8
Suppose -3*o + 5*y = -0 + 1, 0 = -2*y - 2. Let r be 12/(-4) - (o + -1). Suppose 3*a = -r*a. Let q(w) = -w**3 + w**2 - w + 1. Determine q(a).
1
Let f = 59 + -24. Suppose -11 = 2*b - f. Let k(m) = -9 + m + b - 5 + m**3 + 2*m**2. Calculate k(-2).
-4
Let u(g) = g**3 - 6*g**2 - 8*g + 7. Let v be 1*16/6*-3. Let l = v + 15. What is u(l)?
0
Suppose 18*p - 3 = 19*p. Let x(s) = s**3 + 5*s**2 + 4*s + 5. Determine x(p).
11
Let u(k) = 4*k**2 + 1 + 2*k - 2*k**2 - 6*k**2 + k**3. Suppose i - 10 = 2*d, 0*i + 4*d = -2*i + 4. Suppose o - i + 4 = 0. Determine u(o).
-3
Let z be (-11)/4 - (-145)/(-116). Let w(x) = -6*x - 1. Let k(b) = -b**2 + b + 1. Let y(g) = -k(g) - w(g). Calculate y(z).
-4
Let o(q) = q**3 - 2*q**2 - 4*q - 3. Let a be (6/4)/(21/(-28)). Calculate o(a).
-11
Suppose -57*s - 18 = -48*s. Let c(r) = -4*r**3 + 2*r**2 + 2*r + 2. What is c(s)?
38
Let b(k) be the third derivative of -k**5/60 + 5*k**4/24 - 5*k**3/6 + 94*k**2. Calculate b(2).
1
Let u(v) = -v**2 + 4*v - 8. Let c(a) = -a**2 + a + 6. Let x be c(0). What is u(x)?
-20
Let o(d) = d**2 - 6*d - 9. Let x be o(-3). Suppose 0 = c - 4*c - x. Let g(j) = -j**3 - 7*j**2 - 5*j + 7. Determine g(c).
1
Let g(k) = -7*k - 3. Let h be ((-36)/(-27))/((-2)/3). Calculate g(h).
11
Let v(u) = 5*u**2 + 4*u - 5. Let i be v(1). Let j(l) = l - 2. Give j(i).
2
Let p(z) = -5 - z**2 - z - 5*z - 4 - z. Suppose 2*w = w - 6. Determine p(w).
-3
Let u(h) = -h**3 + 4*h**2 - h - 3. Let s = -79 - -37. Let p = s - -45. Determine u(p).
3
Suppose 27*p = 25*p + 44. Let h = -27 + p. Let g(s) be the third derivative of -s**5/60 - s**4/4 - s**3 - s**2. Give g(h).
-1
Let k(r) be the first derivative of 24 - 1/3*r**3 - 2*r - 4*r**2. Calculate k(-7).
5
Let l(v) = v**2 + 3 + v + 4*v - 2*v - 5. Let t be l(-3). Let n = t + 7. Let z(s) = -s**2 + 5*s. Calculate z(n).
0
Let b(g) = 2 + 5 + 5*g - 6*g + 3. Calculate b(-8).
18
Let w(x) = -20 + 2 + 11 - x. What is w(-4)?
-3
Let i(w) = 22*w**2 - 44*w**2 - w - 4*w**3 + 3*w**3 + 26*w**2 - 6. Calculate i(5).
-36
Let d(v) = -5 - 4*v**2 + v**2 + 1 - v**3 + 3*v - 7*v + 7*v. Give d(-4).
0
Let f(d) be the first derivative of d**4/4 + 10*d**3/3 - d**2/2 - 7*d + 161. Calculate f(-10).
3
Let y(j) = -2*j - 19. Let f be y(-9). Let v be ((-4)/20)/(f/5). Let a(b) = 11*b - 4. Let d(l) = 3*l - 1. Let x(p) = 2*a(p) - 9*d(p). Give x(v).
-4
Let u(y) = -y**2 + 7*y + 6. Let s(j) = -j + 10. Let k be s(6). Suppose 102 = k*r - 54. Let q = -32 + r. What is u(q)?
6
Let f = 406 + -618. Let s = -210 - f. Let r(n) = -n**3 + 3*n**2 - 8*n - 2. Let b(p) = p + 1. Let h(j) = -4*b(j) - r(j). Determine h(s).
2
Let v be ((-205)/(-123))/(3/(-27)). Let h(x) = x**3 + 15*x**2 + x + 8. What is h(v)?
-7
Let w(q) = q - 1. Suppose 4*k = 2*g + 40, 3*k - 24 = 2*g + g. Let v = k + -13. Calculate w(v).
-2
Let k(f) = f**2. Let v(s) = 5*s**2 + 10*s + 3. Let t(a) = 6*k(a) - v(a). Suppose 2*m + 2 = 22. What is t(m)?
-3
Suppose -2*w - 3*h = -21, -5*h + 13 = -4*w - 0. Suppose 7*d + 16 = w*d. Let z(r) = r**3 + 5*r**2 + 2*r - 1. Calculate z(d).
7
Let y be 4/8 + 10/4. Let h(f) = -2 - f**3 + y - 4 + 2*f**2. Give h(3).
-12
Let u = 2 + -2. Let p(z) be the third derivative of z**7/840 + z**4/6 - 11*z**3/6 + 4*z**2. Let o(l) be the first derivative of p(l). Give o(u).
4
Let f(w) = 2*w**2 + 3*w - 3. Suppose 12*l - 16*l = 0. Suppose h + 4*a + 19 = l, -3*h - 2*a - 29 = 3*a. Calculate f(h).
6
Let p(d) = 2*d - 28. Let g be p(15). Let s(v) = 4 + g*v + v + v**2 - 8*v. What is s(5)?
4
Suppose j = -q + 25, 0 = 3*q - 5*j - 38 - 61. Suppose q*o = 27*o. Let u(s) = s**3 - s**2 - s - 6. Give u(o).
-6
Let a(q) = -6*q - 4. Suppose 0 = -14*g - 110 + 82. Calculate a(g).
8
Let c(g) = g + 1. Let q = -231 + 230. Give c(q).
0
Suppose c = -0*c - y + 4, -2*y + 12 = 3*c. Let m(f) = -18*f**3 - 7*f**2 - 6*f - f + 17*f**3 - c + 0*f**2. Calculate m(-6).
2
Let p(d) be the first derivative of -d**4/4 - d**3 + 4*d - 354. Determine p(-3).
4
Let f(w) = w**2 + 8*w + 7. Let g = -352 - -345. Give f(g).
0
Suppose 2*r = 4*r - 10. Let y(s) = 22 - 9 - 8 - 9 - 3*s. What is y(r)?
-19
Let n(b) = -b**2 - b + 1. Suppose 2*s = 4*u + 14, s - 4 = 4*u + 9. Give n(s).
-1
Let w(t) be the first derivative of -t**4/4 + 4*t**3/3 - 3*t**2/2 + 2*t - 2. Let q = -98 + 95. Let g(y) = y**2 + y - 3. Let n be g(q). Calculate w(n).
2
Let d = 157 - 154. Let c(q) = -q**2 + 3*q + 7. What is c(d)?
7
Suppose -q = 2*q + 18. Suppose j - 3*j - 5 = o, 5*o = j - 14. Let h(u) = -u - 1. Let s(a) = 1. Let i(w) = j*s(w) - 2*h(w). Calculate i(q).
-11
Suppose 2*i + 30 = -5*s, -i = -4*s - 0 - 11. Let d(r) = -r**2 - 3*r + 4. What is d(i)?
-6
Suppose -29*f - 6*f + 210 = 0. Let s(v) = v**3 - 5*v**2 - 4*v - 9. Determine s(f).
3
Let w(y) = y + 4. Let h be w(4). Suppose 2*s = h - 2. Let o(x) = -s - 3*x**2 - 2 + 9 + 2*x**2. Determine o(0).
4
Let j(a) = 7*a**2 - 2*a + 2. Suppose 5 = x - n, -n + 14 - 7 = 5*x. Determine j(x).
26
Let y(x) = 18*x**2 - x. Let f be y(-1). Let k = f - 18. Suppose 0 = -3*r - 5 - k. Let l(b) = -4*b - 2. Determine l(r).
6
Let f = -5 + 6. Suppose -3*l + f = 19. Let h(r) be the second derivative of r**3/6 + 4*r**2 - 2*r - 16. Calculate h(l).
2
Let y(k) be the second derivative of -3/2*k**2 - k + 1/6*k**3 + 0. Let v = -611 + 614. Give y(v).
0
Let k = 733 - 735. Let n(j) be the second derivative of 1/20*j**5 + j - 1/3*j**3 + 0 + 0*j**2 - 1/12*j**4. Give n(k).
-8
Suppose m - 4*c = 2, 2*m + 10 = 3*c - 2*c. Let v(h) be the third derivative of h**4/8 + 3*h**3/2 + 6*h**2. Calculate v(m).
-9
Let h(r) = -3*r**2 + 38*r - 44. Let n be h(11). Let j(c) = -c**2 + 14*c - 18. Determine j(n).
15
Let f(v) = -6 + 6 + 1 + 2*v. Let i be (-42)/12 - (-2)/4. Let s = i + 2. Give f(s).
-1
Let l be 1*-53 - (-8)/2. Let x = l - -49. Let s(a) = -a**2 + 2. Calculate s(x).
2
Let m = -451 - -453. Let x(w) be the second derivative of -m*w - 2*w**2 + 0 + 2/3*w**3. Give x(3).
8
Let z = -423 - -427. Let d(r) be the second derivative of 1/20*r**5 + 0 + 0*r**2 + 1/12*r**z + 4*r + 1/6*r**3. Determine d(0).
0
Let y(g) = -15*g**3 + 5*g**2 + 2*g. Let j(u) = -45*u**3 + 14*u**2 + 5*u. Let l(z) = 3*j(z) - 8*y(z). Suppose 4 = 4*q - 0. Determine l(q).
-14
Let v = -3 + 2. Let z be (-15)/(-3) + 1*v. Let y = -3 + z. Let n(i) = -5*i**3 - i**2. Calculate n(y).
-6
Let y(d) = -d**2 + 6*d - 1. Suppose 27*b = 22*b + 250. Suppose